{"id":251,"date":"2019-10-21T18:17:32","date_gmt":"2019-10-21T18:17:32","guid":{"rendered":"https:\/\/hsf93.de\/?page_id=251"},"modified":"2024-02-19T21:22:44","modified_gmt":"2024-02-19T21:22:44","slug":"oeffnungszeiten-uebungszeiten","status":"publish","type":"page","link":"https:\/\/hsf93.de\/?page_id=251","title":{"rendered":"\u00d6ffnungs-\/\u00dcbungszeiten"},"content":{"rendered":"\n<hr class=\"wp-block-separator has-css-opacity\"\/>\n\n\n\n<hr class=\"wp-block-separator has-css-opacity\"\/>\n\n\n\n<p class=\"has-text-align-center\"><strong><span style=\"text-decoration: underline;\">&gt;&gt;<\/span><\/strong><span style=\"text-decoration: underline\"><strong>&gt;&gt;&gt; Ausbildungszeiten\/\u00dcbungszeiten<\/strong><\/span>  <\/p>\n\n\n\n<ul class=\"wp-block-list\">\n<li><strong>Dienstag nach Terminvereinbarung<\/strong> &gt;&gt;&gt; <strong>Agility<\/strong><em> <\/em><\/li>\n\n\n\n<li><\/li>\n\n\n\n<li><strong>Freitag<\/strong> ab 17:30                &gt;&gt;&gt; <strong>Beginner Rally<\/strong> Obedience<\/li>\n\n\n\n<li><strong>Freitag ab 18<\/strong>:00                &gt;&gt;&gt;  <strong><em>Einzeltraining <\/em><\/strong><\/li>\n<\/ul>\n\n\n\n<p><\/p>\n\n\n\n<ul class=\"wp-block-list\">\n<li><strong>Samstag  nach Terminvereinbarung<\/strong> &gt;&gt;&gt; <strong>Agility<\/strong><\/li>\n\n\n\n<li><strong>Samstag   16:00<\/strong> &#8211; 16:45      &gt;&gt;&gt;  <strong>Welpengruppe <\/strong><em>      (2-6 Monate)<\/em><\/li>\n\n\n\n<li><strong>Samstag<\/strong>   <strong>17<\/strong>:00 &#8211; 17:45      &gt;&gt;&gt;  <strong>Junghundgruppe  <em> <\/em><\/strong><em>(6-12 Monate)<\/em><\/li>\n\n\n\n<li><strong>Samstag   18<\/strong>:00 &#8211; 18:40      &gt;&gt;&gt;  <strong>Fun-Gruppe<\/strong> <\/li>\n\n\n\n<li><\/li>\n\n\n\n<li><em>Teilnahme nur nach vorheriger Anmeldung<\/em> m\u00f6glich<br \/><\/li>\n<\/ul>\n\n\n\n<p class=\"has-text-align-center\"><strong><br \/><br \/>Au\u00dferhalb der Ausbildungs- &amp; \u00dcbungszeiten besteht die M\u00f6glichkeit sich per eMail zu informieren:<em><br \/><\/em>&nbsp;&nbsp;&nbsp;&nbsp;&nbsp;&nbsp;&nbsp;&nbsp;&nbsp;&nbsp;&nbsp;&nbsp;&nbsp;&nbsp;&nbsp;&nbsp;&nbsp;&nbsp;&nbsp;&nbsp;&nbsp;&nbsp;&nbsp;&nbsp;&nbsp;&nbsp;&nbsp;&nbsp;&nbsp;&nbsp;&nbsp;&nbsp;&nbsp;&nbsp;&nbsp;&nbsp;&nbsp;&nbsp;&nbsp;&nbsp;&nbsp;&nbsp;&nbsp;&nbsp;&nbsp;&nbsp;&nbsp;&nbsp;&nbsp;&nbsp;&nbsp;&nbsp;&nbsp;&nbsp;&nbsp;&nbsp;&nbsp;&nbsp;&nbsp;  <br \/><a href=\"mailto:ausbilder@hsf93.de?subject=Teilnahme am \u00dcbungsbetrieb der Hundesportfreunde\u00b493 Gangelt eV\">ausbilder@hsf93.de<\/a><\/strong><\/p>\n\n\n\n<p><strong>F\u00fcr die  Teilnahme am \u00dcbungsbetrieb sind folgende Voraussetzungen zu erf\u00fcllen:<\/strong><\/p>\n\n\n\n<ul class=\"wp-block-list\">\n<li>Impfnachweis (Tollwut ab entsprechendem Alter)<\/li>\n\n\n\n<li>Nachweis \u00fcber eine Tierhalterhaftpflicht-Versicherung<\/li>\n\n\n\n<li>Der Hund muss frei von ansteckenden Krankheiten sein<\/li>\n\n\n\n<li>Registrierung mit Chip  <em>(soweit gesetzlich vorgeschrieben) <\/em><\/li>\n<\/ul>\n\n\n\n<p>Ohne diese Voraussetzungen darf kein Hund an unserem \u00dcbungsbetrieb teilnehmen.<br \/>Dies dient zum Schutz eines jeden einzelnen Hundes und Hundehalters.<br \/>Wir bitten um Euer Verst\u00e4ndnis!<\/p>\n\n\n\n<p>Wenn Ihr jetzt noch eine feste Leine (keine Flex-Leine) mit Halsband oder Geschirr, das Lieblingsspielzeug und einige \u201eLeckerlis\u201c mitbringt, steht Eurer ersten \u00dcbungseinheit nichts mehr im Weg!<\/p>\n\n\n\n<p class=\"has-text-align-center\"><strong>Wir freuen uns auf Euren Besuch!<\/strong><\/p>\n\n\n\n<p><strong>Hinweis f\u00fcr  G\u00e4ste:<\/strong><\/p>\n\n\n\n<ul class=\"wp-block-list\">\n<li>Die  Teilnahme an allen anderen Aktivit\u00e4ten im \u00dcbungsbetrieb ist nur mit  vorheriger Absprache mit den Trainern\/\u00dcbungsleitern\/Vorstand m\u00f6glich.<\/li>\n\n\n\n<li>Bei Fragen, schreibt uns gerne einfach eine Email!<\/li>\n<\/ul>\n\n\n\n<hr class=\"wp-block-separator has-css-opacity\"\/>\n\n\n\n<p><strong>Wichtig \t\tHaftungsausschlusserkl\u00e4rung:<\/strong><\/p>\n\n\n\n<p><strong> Jeder Teilnehmer, Gast, Besucher und Mitglied haftet f\u00fcr Sch\u00e4den, die  durch ihn, seinen Hund oder Kinder verursacht werden, selbst. <\/strong><\/p>\n\n\n\n<p><strong>Eine Haftung oder Anspr\u00fcche f\u00fcr Sch\u00e4den und \t\tSonstiges, die durch<\/strong><\/p>\n\n\n\n<ul class=\"wp-block-list\">\n<li><strong>die Teilnahme am Ausbildungs- &amp; \u00dcbungsbetrieb<\/strong><\/li>\n\n\n\n<li><strong>die Teilnahme an Veranstaltungen <\/strong><\/li>\n\n\n\n<li><strong>den Besuch des Vereinsheims<\/strong><\/li>\n\n\n\n<li><strong>den Besuch auf dem gesamten Vereinsgel\u00e4nde<\/strong><\/li>\n\n\n\n<li><strong>die Nutzung der Hundesportger\u00e4te<\/strong><\/li>\n\n\n\n<li><strong>die Nutzung der Einrichtungen auf dem Vereinsgel\u00e4nde<\/strong><\/li>\n<\/ul>\n\n\n\n<p><strong>entstehen k\u00f6nnten, sind gegen\u00fcber den Hundesportfreunden &#8217;93 Gangelt e.V. und deren Vertretern vollst\u00e4ndig ausgeschlossen!<\/strong><\/p>\n\n\n\n<p><strong>Die Hundesportfreunde &#8217;93 Gangelt e.V. und deren Vertreter <br \/> k\u00f6nnen daf\u00fcr nicht haftbar gemacht werden!<\/strong><\/p>\n\n\n","protected":false},"excerpt":{"rendered":"<p>&gt;&gt;&gt;&gt;&gt; Ausbildungszeiten\/\u00dcbungszeiten Au\u00dferhalb der Ausbildungs- &amp; \u00dcbungszeiten besteht die M\u00f6glichkeit sich per eMail zu informieren:&nbsp;&nbsp;&nbsp;&nbsp;&nbsp;&nbsp;&nbsp;&nbsp;&nbsp;&nbsp;&nbsp;&nbsp;&nbsp;&nbsp;&nbsp;&nbsp;&nbsp;&nbsp;&nbsp;&nbsp;&nbsp;&nbsp;&nbsp;&nbsp;&nbsp;&nbsp;&nbsp;&nbsp;&nbsp;&nbsp;&nbsp;&nbsp;&nbsp;&nbsp;&nbsp;&nbsp;&nbsp;&nbsp;&nbsp;&nbsp;&nbsp;&nbsp;&nbsp;&nbsp;&nbsp;&nbsp;&nbsp;&nbsp;&nbsp;&nbsp;&nbsp;&nbsp;&nbsp;&nbsp;&nbsp;&nbsp;&nbsp;&nbsp;&nbsp; ausbilder@hsf93.de F\u00fcr die Teilnahme am&hellip;<\/p>\n","protected":false},"author":1,"featured_media":0,"parent":121,"menu_order":0,"comment_status":"closed","ping_status":"closed","template":"","meta":{"footnotes":""},"class_list":["post-251","page","type-page","status-publish","hentry"],"jetpack_sharing_enabled":true,"_links":{"self":[{"href":"https:\/\/hsf93.de\/index.php?rest_route=\/wp\/v2\/pages\/251","targetHints":{"allow":["GET"]}}],"collection":[{"href":"https:\/\/hsf93.de\/index.php?rest_route=\/wp\/v2\/pages"}],"about":[{"href":"https:\/\/hsf93.de\/index.php?rest_route=\/wp\/v2\/types\/page"}],"author":[{"embeddable":true,"href":"https:\/\/hsf93.de\/index.php?rest_route=\/wp\/v2\/users\/1"}],"replies":[{"embeddable":true,"href":"https:\/\/hsf93.de\/index.php?rest_route=%2Fwp%2Fv2%2Fcomments&post=251"}],"version-history":[{"count":46,"href":"https:\/\/hsf93.de\/index.php?rest_route=\/wp\/v2\/pages\/251\/revisions"}],"predecessor-version":[{"id":806,"href":"https:\/\/hsf93.de\/index.php?rest_route=\/wp\/v2\/pages\/251\/revisions\/806"}],"up":[{"embeddable":true,"href":"https:\/\/hsf93.de\/index.php?rest_route=\/wp\/v2\/pages\/121"}],"wp:attachment":[{"href":"https:\/\/hsf93.de\/index.php?rest_route=%2Fwp%2Fv2%2Fmedia&parent=251"}],"curies":[{"name":"wp","href":"https:\/\/api.w.org\/{rel}","templated":true}]}}