{"id":642,"date":"2020-09-24T13:13:52","date_gmt":"2020-09-24T13:13:52","guid":{"rendered":"http:\/\/hsf93.de\/?page_id=642"},"modified":"2024-02-18T19:09:10","modified_gmt":"2024-02-18T19:09:10","slug":"regenbogenbruecke","status":"publish","type":"page","link":"https:\/\/hsf93.de\/?page_id=642","title":{"rendered":"Regenbogenbr\u00fccke"},"content":{"rendered":"\n<div class=\"wp-block-media-text alignwide\" style=\"grid-template-columns:38% auto\"><figure class=\"wp-block-media-text__media\"><img loading=\"lazy\" decoding=\"async\" width=\"1024\" height=\"683\" src=\"http:\/\/hsf93.de\/wp-content\/uploads\/2020\/09\/balou_hp-1024x683.jpg\" alt=\"\" class=\"wp-image-643 size-full\" srcset=\"https:\/\/hsf93.de\/wp-content\/uploads\/2020\/09\/balou_hp-1024x683.jpg 1024w, https:\/\/hsf93.de\/wp-content\/uploads\/2020\/09\/balou_hp-300x200.jpg 300w, https:\/\/hsf93.de\/wp-content\/uploads\/2020\/09\/balou_hp-768x512.jpg 768w, https:\/\/hsf93.de\/wp-content\/uploads\/2020\/09\/balou_hp-1536x1024.jpg 1536w, https:\/\/hsf93.de\/wp-content\/uploads\/2020\/09\/balou_hp-2048x1366.jpg 2048w, https:\/\/hsf93.de\/wp-content\/uploads\/2020\/09\/balou_hp-1600x1067.jpg 1600w\" sizes=\"auto, (max-width: 1024px) 100vw, 1024px\" \/><\/figure><div class=\"wp-block-media-text__content\">\n<p style=\"font-size:28px\"><strong>Balou<\/strong><\/p>\n\n\n\n<p class=\"has-normal-font-size\">10.09.2008 bis 05.08.2020 <br>Hundef\u00fchrerin: Petra von Kr\u00fcchten<\/p>\n\n\n\n<p style=\"font-size:14px\">Begleithundepr\u00fcfung 2014 <br>Obedience bis Klasse 1<br>Mit 8-11 Jahren RallyObedience<br>2-malige Teilnahme an der dhv\/Deutschen Meisterschaft  <\/p>\n<\/div><\/div>\n\n\n\n<hr class=\"wp-block-separator has-css-opacity\"\/>\n\n\n\n<div class=\"wp-block-media-text alignwide has-media-on-the-right\" style=\"grid-template-columns:auto 27%\"><div class=\"wp-block-media-text__content\">\n<p class=\"has-text-align-right\" style=\"font-size:28px\"><strong>Hope<\/strong><\/p>\n\n\n\n<p class=\"has-text-align-right has-normal-font-size\">Hundef\u00fchrer: Kirsten und Stefan Tomlik<\/p>\n<\/div><figure class=\"wp-block-media-text__media\"><img loading=\"lazy\" decoding=\"async\" width=\"683\" height=\"1024\" src=\"http:\/\/hsf93.de\/wp-content\/uploads\/2020\/09\/Hope_hp-683x1024.jpg\" alt=\"\" class=\"wp-image-679 size-full\" srcset=\"https:\/\/hsf93.de\/wp-content\/uploads\/2020\/09\/Hope_hp-683x1024.jpg 683w, https:\/\/hsf93.de\/wp-content\/uploads\/2020\/09\/Hope_hp-200x300.jpg 200w, https:\/\/hsf93.de\/wp-content\/uploads\/2020\/09\/Hope_hp-768x1151.jpg 768w, https:\/\/hsf93.de\/wp-content\/uploads\/2020\/09\/Hope_hp.jpg 1023w\" sizes=\"auto, (max-width: 683px) 100vw, 683px\" \/><\/figure><\/div>\n\n\n\n<hr class=\"wp-block-separator has-css-opacity\"\/>\n\n\n\n<div class=\"wp-block-media-text alignwide\" style=\"grid-template-columns:38% auto\"><figure class=\"wp-block-media-text__media\"><img loading=\"lazy\" decoding=\"async\" width=\"877\" height=\"585\" src=\"http:\/\/hsf93.de\/wp-content\/uploads\/2020\/09\/Leo.jpg\" alt=\"\" class=\"wp-image-644 size-full\" srcset=\"https:\/\/hsf93.de\/wp-content\/uploads\/2020\/09\/Leo.jpg 877w, https:\/\/hsf93.de\/wp-content\/uploads\/2020\/09\/Leo-300x200.jpg 300w, https:\/\/hsf93.de\/wp-content\/uploads\/2020\/09\/Leo-768x512.jpg 768w\" sizes=\"auto, (max-width: 877px) 100vw, 877px\" \/><\/figure><div class=\"wp-block-media-text__content\">\n<p style=\"font-size:28px\"><strong>Leo<\/strong><\/p>\n\n\n\n<p class=\"has-normal-font-size\">2006-2020<br>Hundef\u00fchrerin: Sabine Schmitz<\/p>\n\n\n\n<p style=\"font-size:14px\">Agility und Obedience<br>3. Platz in der Vereinsmeisterschaft 2019 mit 13 Jahren<\/p>\n<\/div><\/div>\n\n\n\n<hr class=\"wp-block-separator has-css-opacity\"\/>\n\n\n\n<div class=\"wp-block-media-text alignwide has-media-on-the-right\" style=\"grid-template-columns:auto 26%\"><div class=\"wp-block-media-text__content\">\n<p class=\"has-text-align-right\" style=\"font-size:28px\"><strong>Suki<\/strong><\/p>\n\n\n\n<p class=\"has-text-align-right has-normal-font-size\"> 06.06.2006 bis 07.03.2020<br>Hundef\u00fchrerin: Roxanne Deckers<\/p>\n\n\n\n<p class=\"has-text-align-right\" style=\"font-size:14px\">Agility <\/p>\n<\/div><figure class=\"wp-block-media-text__media\"><img loading=\"lazy\" decoding=\"async\" width=\"682\" height=\"1024\" src=\"http:\/\/hsf93.de\/wp-content\/uploads\/2020\/09\/Suki-682x1024.jpg\" alt=\"\" class=\"wp-image-663 size-full\" srcset=\"https:\/\/hsf93.de\/wp-content\/uploads\/2020\/09\/Suki-682x1024.jpg 682w, https:\/\/hsf93.de\/wp-content\/uploads\/2020\/09\/Suki-200x300.jpg 200w, https:\/\/hsf93.de\/wp-content\/uploads\/2020\/09\/Suki-768x1153.jpg 768w, https:\/\/hsf93.de\/wp-content\/uploads\/2020\/09\/Suki-1023x1536.jpg 1023w, https:\/\/hsf93.de\/wp-content\/uploads\/2020\/09\/Suki.jpg 1078w\" sizes=\"auto, (max-width: 682px) 100vw, 682px\" \/><\/figure><\/div>\n\n\n\n<p><\/p>\n\n\n\n<div class=\"wp-block-media-text alignwide has-media-on-the-right\" style=\"grid-template-columns:auto 25%\"><div class=\"wp-block-media-text__content\">\n<p class=\"has-text-align-right\" style=\"font-size:28px\"><strong>Bruno<\/strong><\/p>\n\n\n\n<p class=\"has-text-align-right has-normal-font-size\">Australian Shepherd, m\u00e4nnlich, geb. 31.03.2012<br>Hundef\u00fchrerin: Sabine Schmitz<\/p>\n\n\n\n<p class=\"has-text-align-right\" style=\"font-size:14px\">Begleithundpr\u00fcfung 2014<br>Obedience Klasse 1<\/p>\n<\/div><figure class=\"wp-block-media-text__media\"><img loading=\"lazy\" decoding=\"async\" width=\"502\" height=\"755\" src=\"http:\/\/hsf93.de\/wp-content\/uploads\/2020\/09\/IMG-20200924-WA0017-002.jpg\" alt=\"\" class=\"wp-image-653 size-full\" srcset=\"https:\/\/hsf93.de\/wp-content\/uploads\/2020\/09\/IMG-20200924-WA0017-002.jpg 502w, https:\/\/hsf93.de\/wp-content\/uploads\/2020\/09\/IMG-20200924-WA0017-002-199x300.jpg 199w\" sizes=\"auto, (max-width: 502px) 100vw, 502px\" \/><\/figure><\/div>\n\n\n\n<div class=\"wp-block-media-text alignwide has-media-on-the-right\" style=\"grid-template-columns:auto 29%\"><div class=\"wp-block-media-text__content\">\n<p class=\"has-text-align-right\" style=\"font-size:28px\"><strong>Pedro<\/strong><\/p>\n\n\n\n<p class=\"has-text-align-right has-normal-font-size\">Mischling, m\u00e4nnlich, geb. 01.04.2006<br>Hundef\u00fchrerin: Susanne Martinez<\/p>\n\n\n\n<p class=\"has-text-align-right\" style=\"font-size:14px\">Begleithundpr\u00fcfung 2009<\/p>\n<\/div><figure class=\"wp-block-media-text__media\"><img loading=\"lazy\" decoding=\"async\" width=\"683\" height=\"1024\" src=\"http:\/\/hsf93.de\/wp-content\/uploads\/2020\/09\/20200924_160330-002-683x1024.jpg\" alt=\"\" class=\"wp-image-658 size-full\" srcset=\"https:\/\/hsf93.de\/wp-content\/uploads\/2020\/09\/20200924_160330-002-683x1024.jpg 683w, https:\/\/hsf93.de\/wp-content\/uploads\/2020\/09\/20200924_160330-002-200x300.jpg 200w, https:\/\/hsf93.de\/wp-content\/uploads\/2020\/09\/20200924_160330-002-768x1152.jpg 768w, https:\/\/hsf93.de\/wp-content\/uploads\/2020\/09\/20200924_160330-002-1024x1536.jpg 1024w, https:\/\/hsf93.de\/wp-content\/uploads\/2020\/09\/20200924_160330-002-1365x2048.jpg 1365w, https:\/\/hsf93.de\/wp-content\/uploads\/2020\/09\/20200924_160330-002-1600x2400.jpg 1600w, https:\/\/hsf93.de\/wp-content\/uploads\/2020\/09\/20200924_160330-002-scaled.jpg 1707w\" sizes=\"auto, (max-width: 683px) 100vw, 683px\" \/><\/figure><\/div>\n","protected":false},"excerpt":{"rendered":"<p>Balou 10.09.2008 bis 05.08.2020 Hundef\u00fchrerin: Petra von Kr\u00fcchten Begleithundepr\u00fcfung 2014 Obedience bis Klasse 1Mit 8-11 Jahren RallyObedience2-malige Teilnahme an der&hellip;<\/p>\n","protected":false},"author":5,"featured_media":0,"parent":0,"menu_order":0,"comment_status":"closed","ping_status":"closed","template":"","meta":{"footnotes":""},"class_list":["post-642","page","type-page","status-publish","hentry"],"jetpack_sharing_enabled":true,"_links":{"self":[{"href":"https:\/\/hsf93.de\/index.php?rest_route=\/wp\/v2\/pages\/642","targetHints":{"allow":["GET"]}}],"collection":[{"href":"https:\/\/hsf93.de\/index.php?rest_route=\/wp\/v2\/pages"}],"about":[{"href":"https:\/\/hsf93.de\/index.php?rest_route=\/wp\/v2\/types\/page"}],"author":[{"embeddable":true,"href":"https:\/\/hsf93.de\/index.php?rest_route=\/wp\/v2\/users\/5"}],"replies":[{"embeddable":true,"href":"https:\/\/hsf93.de\/index.php?rest_route=%2Fwp%2Fv2%2Fcomments&post=642"}],"version-history":[{"count":7,"href":"https:\/\/hsf93.de\/index.php?rest_route=\/wp\/v2\/pages\/642\/revisions"}],"predecessor-version":[{"id":794,"href":"https:\/\/hsf93.de\/index.php?rest_route=\/wp\/v2\/pages\/642\/revisions\/794"}],"wp:attachment":[{"href":"https:\/\/hsf93.de\/index.php?rest_route=%2Fwp%2Fv2%2Fmedia&parent=642"}],"curies":[{"name":"wp","href":"https:\/\/api.w.org\/{rel}","templated":true}]}}

Regenbogenbrücke

<div class="wp-block-media-text alignwide" style="grid-template-columns:38% auto"><figure class="wp-block-media-text__media"><img loading="lazy" decoding="async" width="1024" height="683" src="http://hsf93.de/wp-content/uploads/2020/09/balou_hp-1024x683.jpg" alt="" class="wp-image-643 size-full" srcset="https://hsf93.de/wp-content/uploads/2020/09/balou_hp-1024x683.jpg 1024w, https://hsf93.de/wp-content/uploads/2020/09/balou_hp-300x200.jpg 300w, https://hsf93.de/wp-content/uploads/2020/09/balou_hp-768x512.jpg 768w, https://hsf93.de/wp-content/uploads/2020/09/balou_hp-1536x1024.jpg 1536w, https://hsf93.de/wp-content/uploads/2020/09/balou_hp-2048x1366.jpg 2048w, https://hsf93.de/wp-content/uploads/2020/09/balou_hp-1600x1067.jpg 1600w" sizes="auto, (max-width: 1024px) 100vw, 1024px" /></figure><div class="wp-block-media-text__content">
<p style="font-size:28px"><strong>Balou</strong></p>



<p class="has-normal-font-size">10.09.2008 bis 05.08.2020 <br>Hundeführerin: Petra von Krüchten</p>



<p style="font-size:14px">Begleithundeprüfung 2014 <br>Obedience bis Klasse 1<br>Mit 8-11 Jahren RallyObedience<br>2-malige Teilnahme an der dhv/Deutschen Meisterschaft  </p>
</div></div>



<hr class="wp-block-separator has-css-opacity"/>



<div class="wp-block-media-text alignwide has-media-on-the-right" style="grid-template-columns:auto 27%"><div class="wp-block-media-text__content">
<p class="has-text-align-right" style="font-size:28px"><strong>Hope</strong></p>



<p class="has-text-align-right has-normal-font-size">Hundeführer: Kirsten und Stefan Tomlik</p>
</div><figure class="wp-block-media-text__media"><img loading="lazy" decoding="async" width="683" height="1024" src="http://hsf93.de/wp-content/uploads/2020/09/Hope_hp-683x1024.jpg" alt="" class="wp-image-679 size-full" srcset="https://hsf93.de/wp-content/uploads/2020/09/Hope_hp-683x1024.jpg 683w, https://hsf93.de/wp-content/uploads/2020/09/Hope_hp-200x300.jpg 200w, https://hsf93.de/wp-content/uploads/2020/09/Hope_hp-768x1151.jpg 768w, https://hsf93.de/wp-content/uploads/2020/09/Hope_hp.jpg 1023w" sizes="auto, (max-width: 683px) 100vw, 683px" /></figure></div>



<hr class="wp-block-separator has-css-opacity"/>



<div class="wp-block-media-text alignwide" style="grid-template-columns:38% auto"><figure class="wp-block-media-text__media"><img loading="lazy" decoding="async" width="877" height="585" src="http://hsf93.de/wp-content/uploads/2020/09/Leo.jpg" alt="" class="wp-image-644 size-full" srcset="https://hsf93.de/wp-content/uploads/2020/09/Leo.jpg 877w, https://hsf93.de/wp-content/uploads/2020/09/Leo-300x200.jpg 300w, https://hsf93.de/wp-content/uploads/2020/09/Leo-768x512.jpg 768w" sizes="auto, (max-width: 877px) 100vw, 877px" /></figure><div class="wp-block-media-text__content">
<p style="font-size:28px"><strong>Leo</strong></p>



<p class="has-normal-font-size">2006-2020<br>Hundeführerin: Sabine Schmitz</p>



<p style="font-size:14px">Agility und Obedience<br>3. Platz in der Vereinsmeisterschaft 2019 mit 13 Jahren</p>
</div></div>



<hr class="wp-block-separator has-css-opacity"/>



<div class="wp-block-media-text alignwide has-media-on-the-right" style="grid-template-columns:auto 26%"><div class="wp-block-media-text__content">
<p class="has-text-align-right" style="font-size:28px"><strong>Suki</strong></p>



<p class="has-text-align-right has-normal-font-size"> 06.06.2006 bis 07.03.2020<br>Hundeführerin: Roxanne Deckers</p>



<p class="has-text-align-right" style="font-size:14px">Agility </p>
</div><figure class="wp-block-media-text__media"><img loading="lazy" decoding="async" width="682" height="1024" src="http://hsf93.de/wp-content/uploads/2020/09/Suki-682x1024.jpg" alt="" class="wp-image-663 size-full" srcset="https://hsf93.de/wp-content/uploads/2020/09/Suki-682x1024.jpg 682w, https://hsf93.de/wp-content/uploads/2020/09/Suki-200x300.jpg 200w, https://hsf93.de/wp-content/uploads/2020/09/Suki-768x1153.jpg 768w, https://hsf93.de/wp-content/uploads/2020/09/Suki-1023x1536.jpg 1023w, https://hsf93.de/wp-content/uploads/2020/09/Suki.jpg 1078w" sizes="auto, (max-width: 682px) 100vw, 682px" /></figure></div>



<p></p>



<div class="wp-block-media-text alignwide has-media-on-the-right" style="grid-template-columns:auto 25%"><div class="wp-block-media-text__content">
<p class="has-text-align-right" style="font-size:28px"><strong>Bruno</strong></p>



<p class="has-text-align-right has-normal-font-size">Australian Shepherd, männlich, geb. 31.03.2012<br>Hundeführerin: Sabine Schmitz</p>



<p class="has-text-align-right" style="font-size:14px">Begleithundprüfung 2014<br>Obedience Klasse 1</p>
</div><figure class="wp-block-media-text__media"><img loading="lazy" decoding="async" width="502" height="755" src="http://hsf93.de/wp-content/uploads/2020/09/IMG-20200924-WA0017-002.jpg" alt="" class="wp-image-653 size-full" srcset="https://hsf93.de/wp-content/uploads/2020/09/IMG-20200924-WA0017-002.jpg 502w, https://hsf93.de/wp-content/uploads/2020/09/IMG-20200924-WA0017-002-199x300.jpg 199w" sizes="auto, (max-width: 502px) 100vw, 502px" /></figure></div>



<div class="wp-block-media-text alignwide has-media-on-the-right" style="grid-template-columns:auto 29%"><div class="wp-block-media-text__content">
<p class="has-text-align-right" style="font-size:28px"><strong>Pedro</strong></p>



<p class="has-text-align-right has-normal-font-size">Mischling, männlich, geb. 01.04.2006<br>Hundeführerin: Susanne Martinez</p>



<p class="has-text-align-right" style="font-size:14px">Begleithundprüfung 2009</p>
</div><figure class="wp-block-media-text__media"><img loading="lazy" decoding="async" width="683" height="1024" src="http://hsf93.de/wp-content/uploads/2020/09/20200924_160330-002-683x1024.jpg" alt="" class="wp-image-658 size-full" srcset="https://hsf93.de/wp-content/uploads/2020/09/20200924_160330-002-683x1024.jpg 683w, https://hsf93.de/wp-content/uploads/2020/09/20200924_160330-002-200x300.jpg 200w, https://hsf93.de/wp-content/uploads/2020/09/20200924_160330-002-768x1152.jpg 768w, https://hsf93.de/wp-content/uploads/2020/09/20200924_160330-002-1024x1536.jpg 1024w, https://hsf93.de/wp-content/uploads/2020/09/20200924_160330-002-1365x2048.jpg 1365w, https://hsf93.de/wp-content/uploads/2020/09/20200924_160330-002-1600x2400.jpg 1600w, https://hsf93.de/wp-content/uploads/2020/09/20200924_160330-002-scaled.jpg 1707w" sizes="auto, (max-width: 683px) 100vw, 683px" /></figure></div>

<p>Balou 10.09.2008 bis 05.08.2020 Hundeführerin: Petra von Krüchten Begleithundeprüfung 2014 Obedience bis Klasse 1Mit 8-11 Jahren RallyObedience2-malige Teilnahme an der&hellip;</p>
